hat is o(-6)?
-2
Let s(d) = -3821*d**2 + 1915*d**2 + 22*d + 2*d**3 + 1 - 3*d**3 + 1914*d**2. Give s(10).
21
Let h = -343 + 351. Let j(q) be the first derivative of -q**4/4 + 8*q**3/3 - q**2/2 + 10*q - 66. Determine j(h).
2
Suppose 2*c + 222 = -c. Let h = c + 65. Let u(d) be the first derivative of d**3/3 + 7*d**2/2 - 13*d + 6. What is u(h)?
5
Let t(y) be the first derivative of -y**4/4 + 2*y**3/3 + 3*y**2 + 10*y + 1212. What is t(4)?
2
Let n = -88 + 16. Let s = -70 - n. Let r(i) = 1502 - 1501 - 19*i**2 + 7*i**s. Give r(1).
-11
Let x be (((-12)/5)/6)/((-3)/60). Let t(l) = 17 - 10*l + l + x*l. Give t(12).
5
Let f(d) = -2*d - 1. Let p be (-4)/4 + (4 - -2). Let k(g) = 3*g + 2. Suppose 5*i - 17 = b, -3*b + 0*b - 3*i + 21 = 0. Let o(l) = b*k(l) + p*f(l). Give o(-6).
7
Suppose 4*m - 253 = -0*m + 3*z, 191 = 3*m - 2*z. Suppose m*u = 66*u - 6. Let x(q) = 6*q. Give x(u).
-36
Let j(a) = -35*a - 2. Let f(c) = -33*c. Let y(r) = 4*f(r) - 3*j(r). Calculate y(4).
-102
Suppose -24*x = -30*x - 24. Let t(g) = -25*g + 23. Let y(n) = 9*n - 8. Let m(d) = x*t(d) - 11*y(d). Determine m(12).
8
Let f(m) = -884*m + 33 - 1 + 886*m. Let b(a) = -a - 16. Let i(d) = -7*b(d) - 4*f(d). Calculate i(0).
-16
Let b(g) = g**3 - 5*g**2 - 13*g - 7. Let w = -455 + 626. Let i be 12/(-30) + w/15 - 4. Determine b(i).
0
Let t(l) = -l**2 + 16*l + 90. Let y be t(20). Let g be (3/2)/(6/12). Suppose 5*k - 3*b + y = -g, 18 = -2*k - 2*b. Let d(w) = -w - 6. What is d(k)?
-1
Let z(j) = 9*j - 303*j**2 + 1 + 1 + 304*j**2 - 2 - 2. Let a = 19 + -29. Determine z(a).
8
Let v = -488 + 490. Let p(h) = -270*h + 67*h + 66*h + 69*h + 70*h - v - 3*h**2. What is p(3)?
-23
Let h(j) = -7*j**3 - 16*j**2 + 14*j + 36. Let d(o) = -13*o**3 - 31*o**2 + 27*o + 67. Let r(z) = 6*d(z) - 11*h(z). Determine r(-11).
39
Suppose -m + 458 = -5*z, -5*m + z + 366 + 2044 = 0. Let x(g) = -g**2 - m*g + 484*g + 7 - 4. Calculate x(0).
3
Let r be (0/3)/3 + 3. Let o(w) = 3*w - 34. Let p be o(12). Let d(u) = -2*u + r + 2*u**p + 1 - 5. Give d(-1).
3
Let q = -11646 + 11656. Let l(r) = r**2 - 6*r - 2. Determine l(q).
38
Let m = 401 + -278. Let l(u) = u + 123 - m. Calculate l(-7).
-7
Let i(a) = -13*a**2 + 3*a - 3. Let d(g) = 23*g**2 - 5*g + 7. Let h(j) = -4*d(j) - 7*i(j). Suppose -3*w - 3*n = 6, -4*w - w = -4*n - 8. Give h(w).
-7
Let t(q) = -q**2 + q + 3. Let l(y) = -5*y**2 + 21*y + 24. Let m(a) = 4*a**2 - 19*a - 24. Let d(p) = -5*l(p) - 6*m(p). Let s be d(-4). Give t(s).
-9
Suppose -30*f = -662 - 118. Let h(l) = -l**3 + 26*l**2 + 3*l - 72. Give h(f).
6
Let p(a) = -3*a - 1591*a**2 - 26 + 38 + 1585*a**2. Give p(2).
-18
Suppose 0 = 139*n - 132*n. Suppose -3*z - 892 + 880 = n. Let h(w) = 2*w + 12. What is h(z)?
4
Suppose 0 = 4*c - 0 - 24. Suppose -c*s - 6 + 18 = 0. Let a(o) = -o**s + 2*o**2 - 2*o**2 - o + 3. What is a(-3)?
-3
Suppose 0 = -g + 2*g. Suppose -m + 0 - 4 = g. Let j(k) be the third derivative of -k**6/120 - k**5/12 - 7*k**4/24 - 5*k**3/6 - 2581*k**2. Calculate j(m).
7
Let k(m) = 1. Let i(p) = -1. Let d(s) = 4*i(s) + 5*k(s). Let x(q) = 3*q - 2. Let r(n) = 4*d(n) + x(n). What is r(4)?
14
Let i(f) = -7 - 5*f**2 + 4*f**2 + 21*f - 29*f. Let p = 16 + -11. Suppose 4*j - 16 = g + g, -2*g - p*j - 7 = 0. Calculate i(g).
5
Suppose -19*i = 34459 - 34231. Let a(u) = -u + 17. Give a(i).
29
Let a(o) = o**3 + o**2 + 2*o + 3. Let g be (-3)/(-1) - (-6)/(-21)*7. Suppose -3*b + 3*z - 6 = 0, 8*z - 3*z = 2*b + g. Calculate a(b).
-21
Let s(m) be the third derivative of m**4/8 + 2*m**3/3 - 19*m**2 - 12. Give s(7).
25
Let z = -11088 - -11116. Let w(i) = 18*i - 501. Give w(z).
3
Let k(z) = 2*z - 2. Let r(s) be the second derivative of -s**5/20 + 11*s**4/12 - 2*s**3 + 10*s**2 - 7*s. Let t be r(10). Suppose t = 2*c - 11 - 1. What is k(c)?
10
Let t(g) = g**3 + 3*g**2 + 2*g + 3. Let j be t(-2). Suppose -j = c - 2*c. Let b(p) be the first derivative of -3*p**2/2 + 4*p - 1372. Calculate b(c).
-5
Let m(l) be the first derivative of -9*l**2/2 - 19*l - 6150. Calculate m(14).
-145
Let h = 124 + -101. Let x(t) = 11*t + 13*t**2 - h*t**2 + 6 + 0*t**3 + 20*t**2 + 2 - t**3. Determine x(11).
8
Suppose -213*y + 710 - 730 = -1511. Let f(s) be the first derivative of -s**3/3 + 9*s**2/2 - s - 1. Give f(y).
13
Let s(i) = -23*i**3 - 6*i - 56. Let p(u) = 12*u**3 + 3*u + 26. Let r(k) = -13*p(k) - 6*s(k). Determine r(-1).
19
Suppose 11*g - 6310 = -6288. Let y(c) be the third derivative of -c**6/120 + c**4/12 - 2*c**3/3 + 2*c**2. Give y(g).
-8
Let q = -130 - -166. Let p(l) = -69 + 10*l + q + 32 - l**2. Let m = -15 - -22. Calculate p(m).
20
Let x(q) = q**3 - 2*q**2 + 4*q + 7. Let y(t) = t**2 - t - 1. Let k(l) = x(l) + 3*y(l). Let u = -165 + -104. Let p = u + 266. What is k(p)?
-17
Suppose -4*p + 38*n - 33*n = -31, -35 = -4*p + n. Let m(h) = -h**3 + 9*h**2 - 11*h + 26. Calculate m(p).
-73
Let n be (-12)/126 + (-4 - (-149)/21). Suppose 4*v - 30 = -5*x + n, -v - x = -8. Let a(s) = -s**2 + 6*s + 12. What is a(v)?
5
Let h(t) = t**3 + 36*t**2 - 83*t - 45. Let x be h(-38). Let r(l) = -l**3 + 110*l + 115*l - x*l - l**2. Give r(-3).
6
Let q be 180 - 4 - 6/2. Let w = -168 + q. Let d(y) be the third derivative of y**5/60 - y**4/4 + 7*y**3/6 + y**2. Determine d(w).
2
Let l(u) = -u + 3*u - 3334*u**2 + 0*u**3 + 3342*u**2 - 11 + u**3. Give l(-7).
24
Let v(z) = 41 + z**2 + 420*z - 46 - 424*z. What is v(6)?
7
Let z(x) = 19*x. Suppose -7*n - 2*n = -27. Let q be n - (-3)/(6/(-4)). What is z(q)?
19
Suppose -5044*a + 5047*a = 6. Let d(m) = 6*m**2 + 3*m - 4. Calculate d(a).
26
Let j = -7 - -12. Suppose 4*v - 4*y - 20 = 0, v = -9*y + 13*y + 20. Suppose v = -j*o - 12 - 3. Let m(p) = -p**3 - p**2 + 3*p + 4. Give m(o).
13
Let v(t) = 4*t**2 - t + 14. Suppose 56*s - 99*s + 48 = -55*s. Calculate v(s).
82
Let i(q) = 6*q**2 - 8*q - 21. Let j(t) = 3*t + 10. Let u be j(-5). Let w(s) = -5*s**2 + 8*s + 20. Let r(f) = u*w(f) - 4*i(f). Calculate r(9).
-7
Let s(l) = 69*l + 561. Let g(m) = 5*m + 21. Let z(f) = 6*g(f) - s(f). Give z(-11).
-6
Let i be (70/21)/((-50)/180). Let s(y) = -y**3 + 10*y**2 - 2*y - 2. Let z(w) = -2*w**3 + 9*w**2 - 3*w - 1. Let c(v) = 3*s(v) - 2*z(v). Give c(i).
-4
Let q(x) = -2 + 2 + 4*x - x + 2. Suppose 0*y = y + 1. Let d be q(y). Let m(a) = -29*a - 1. Give m(d).
28
Let n(f) = -2*f - 3. Let t = -223 - -207. Let l = 13 + t. Determine n(l).
3
Let g(h) = -4*h**3 + h**2 - 116*h - 117. Let y be g(-1). Let f(z) be the second derivative of 1/4*z**y + 0*z**2 + 2*z + 0*z**3 + 17. Determine f(-1).
3
Let s(n) = 33*n. Suppose q - 17 = -4*b, 3*q - 25 = -2*q - 5*b. Suppose -216*c + 215*c + q = 0. Calculate s(c).
33
Let f be (1 - -2 - (-343)/2)*-2. Let d = f + 339. Let z(x) = -2*x - 3. What is z(d)?
17
Let a = 473 + -126. Let u = a + -353. Let v(l) = 7*l**3 + 13*l**2 + 6*l - 7. Let x(n) = 8*n**3 + 14*n**2 + 6*n - 8. Let q(m) = 7*v(m) - 6*x(m). Calculate q(u).
-1
Suppose 0 = 5*a - 3*a - 6. Let g(b) = -b**2 + 7 - b**3 + b - 7 - 1 + 8*b**a. Suppose -22*j - 5*w = -18*j + 6, 5*w + 8 = -2*j. What is g(j)?
6
Let g(t) = t**2 + 62*t + 180. Let o be (708/24)/(20/8 + -3 + 0). Give g(o).
3
Let g(m) = 2*m**3 + m**2 - 1. Suppose -115 = -4*r + i, -5*r + 140 = -27*i + 25*i. Let t be (-1)/(r/(-15)*2/4). Give g(t).
2
Suppose 3*j - c = 13, -3*j - 14 = -5*j - 2*c. Let d(b) be the first derivative of -5/3*b**3 + b**2 + 5*b + 1/4*b**4 - 62. What is d(j)?
15
Let d(f) = 2*f**3 + 17*f**2 - 2*f + 58. Let t be d(-9). Let v(q) be the third derivative of q**4/24 + q**3/2 + 8*q**2. Calculate v(t).
-2
Let s(r) be the first derivative of -r**3/3 + 21*r**2/2 - 4*r + 6915. Give s(18).
50
Suppose -6*w = -13*w - 21. Let g(l) = -7*l**3 + l**2 - 3*l + 1. Let u(m) = 2*m**3 - m**2 - 1. Let x(y) = -g(y) - 3*u(y). What is x(w)?
-16
Let o be ((-99)/(-18) + -5)*(1 - 1). Let u(s) = 6*s - s - 4*s + 8 + s. Give u(o).
8
Let c(o) be the second derivative of o**4/4 - 5*o**3/6 + 3*o**2 - 8171*o. Determine c(2).
8
Let u(v) = 3*v**2 - 126*v - 25. Let k be u(38). Let f = -481 - k. Let y(o) = o - 3 + 0*o - 5. Give y(f).
-8
Let b(n) be the second derivative of -7/2*n**2 + 0 + 58*n - 1/2*n**3 - 1/20*n**5 - 7/12*n**4. What is b(-6)?
-25
Let s(j) = -7*j**2 + 4*j + 1. Let f(d) be the first derivative of 14*d**3/3 - 5*d**2 - 3*d + 112. Let u(w) = 2*f(w) + 5*s(w). Give u(1).
-8
Suppose 0 = 2*j + 74 - 84. Let x(k) = 4*k**2 - j + 0*k + 6*k**2 - 7*k**2 - k + 4. Let q be 2 -